n divisor of 2619 and 27?
27
Calculate the greatest common factor of 18 and 1881.
9
Calculate the greatest common divisor of 136 and 2482.
34
What is the highest common factor of 189 and 27?
27
Calculate the greatest common factor of 22 and 1881.
11
What is the greatest common divisor of 8766 and 18?
18
What is the greatest common divisor of 7480 and 4?
4
What is the highest common divisor of 96 and 224?
32
What is the greatest common factor of 44 and 8?
4
What is the greatest common factor of 18 and 2421?
9
What is the highest common factor of 290 and 58?
58
Calculate the greatest common divisor of 95 and 1520.
95
Calculate the greatest common factor of 68 and 646.
34
What is the greatest common divisor of 53 and 5353?
53
Calculate the greatest common divisor of 48 and 258.
6
What is the greatest common divisor of 954 and 106?
106
What is the greatest common factor of 1533 and 21?
21
What is the highest common divisor of 63 and 448?
7
Calculate the greatest common factor of 14 and 2.
2
What is the highest common divisor of 1564 and 529?
23
What is the highest common divisor of 162 and 405?
81
Calculate the highest common divisor of 377 and 29.
29
What is the highest common factor of 71 and 781?
71
Calculate the greatest common divisor of 682 and 248.
62
What is the highest common divisor of 2 and 64?
2
What is the greatest common divisor of 55 and 319?
11
Calculate the greatest common divisor of 22 and 352.
22
Calculate the highest common factor of 32 and 128.
32
Calculate the highest common factor of 600 and 13400.
200
What is the greatest common divisor of 160 and 810?
10
What is the greatest common factor of 116 and 15486?
58
Calculate the greatest common factor of 8547 and 42.
21
Calculate the greatest common divisor of 4 and 68.
4
Calculate the greatest common divisor of 36 and 1926.
18
Calculate the highest common divisor of 1116 and 192.
12
Calculate the highest common factor of 128 and 288.
32
What is the greatest common factor of 2331 and 63?
63
What is the highest common factor of 70 and 1827?
7
What is the highest common divisor of 21153 and 132?
33
Calculate the highest common divisor of 935 and 55.
55
What is the highest common factor of 12835 and 425?
85
Calculate the highest common divisor of 32 and 28112.
16
What is the greatest common factor of 405 and 615?
15
What is the highest common factor of 10 and 1570?
10
Calculate the greatest common factor of 91 and 26.
13
What is the greatest common divisor of 2165 and 10?
5
What is the highest common factor of 880 and 385?
55
What is the highest common divisor of 25 and 175?
25
Calculate the greatest common divisor of 369 and 18.
9
What is the highest common factor of 80 and 30?
10
Calculate the greatest common factor of 34 and 1462.
34
What is the greatest common divisor of 118 and 295?
59
What is the highest common factor of 255 and 2499?
51
What is the greatest common divisor of 949 and 73?
73
Calculate the greatest common factor of 976 and 80.
16
Calculate the highest common factor of 102 and 272.
34
What is the greatest common divisor of 60 and 45?
15
What is the greatest common factor of 782 and 612?
34
What is the greatest common factor of 1284 and 36?
12
What is the greatest common divisor of 5 and 85?
5
What is the highest common factor of 91 and 1064?
7
What is the greatest common divisor of 40 and 30?
10
What is the greatest common factor of 946 and 22?
22
Calculate the highest common factor of 174 and 319.
29
What is the highest common divisor of 132 and 324?
12
Calculate the highest common divisor of 7 and 21.
7
What is the highest common divisor of 120 and 330?
30
What is the highest common factor of 40 and 170?
10
Calculate the greatest common factor of 20 and 5770.
10
What is the highest common divisor of 1 and 463?
1
Calculate the greatest common divisor of 10 and 10.
10
What is the greatest common factor of 352 and 132?
44
What is the greatest common divisor of 72 and 38952?
72
What is the greatest common factor of 169 and 351?
13
Calculate the highest common divisor of 168 and 63.
21
Calculate the highest common divisor of 2376 and 8.
8
Calculate the highest common divisor of 341 and 22.
11
Calculate the highest common divisor of 17550 and 65.
65
Calculate the highest common divisor of 14476 and 132.
44
Calculate the greatest common divisor of 403 and 26.
13
What is the greatest common factor of 96 and 160?
32
What is the greatest common divisor of 1370 and 30?
10
Calculate the highest common factor of 7 and 5873.
7
Calculate the greatest common factor of 372 and 108.
12
What is the highest common divisor of 10 and 23890?
10
What is the highest common divisor of 208 and 44?
4
What is the highest common divisor of 92 and 3634?
46
Calculate the greatest common divisor of 10 and 200.
10
Calculate the greatest common divisor of 28 and 70.
14
Calculate the greatest common factor of 23 and 1.
1
Calculate the greatest common factor of 646 and 136.
34
Calculate the highest common factor of 14007 and 145.
29
What is the greatest common divisor of 3060 and 279?
9
What is the highest common divisor of 326 and 3097?
163
Calculate the greatest common divisor of 8 and 152.
8
What is the highest common divisor of 4588 and 434?
62
Calculate the greatest common factor of 224 and 3542.
14
What is the greatest common divisor of 21 and 2667?
21
What is the greatest common factor of 12 and 948?
12
Calculate the highest common factor of 4 and 34300.
4
What is the greatest common factor of 121 and 88?
11
Calculate the highest common divisor of 44 and 4972.
44
Calculate the greatest common divisor of 598 and 26.
26
Calculate the highest common factor of 33 and 11.
11
Calculate the highest common factor of 1128 and 5358.
282
What is the highest common divisor of 105 and 5523?
21
What is the greatest common factor of 6 and 8?
2
Calculate the greatest common factor of 12 and 10356.
12
What is the greatest common divisor of 20 and 10?
10
Calculate the highest common factor of 90 and 630.
90
Calculate the highest common divisor of 350 and 126.
14
Calculate the highest common divisor of 324 and 567.
81
What is the greatest common factor of 28483 and 91?
91
What is the highest common divisor of 77 and 3311?
77
What is the highest common divisor of 2 and 54?
2
What is the highest common factor of 229 and 11?
1
What is the greatest common factor of 9 and 27855?
9
Calculate the greatest common divisor of 64 and 1024.
64
Calculate the highest common divisor of 12 and 53172.
12
Calculate the highest common divisor of 460 and 20.
20
What is the greatest common factor of 1 and 455?
1
Calculate the greatest common divisor of 407 and 6327.
37
Calculate the highest common factor of 3876 and 3060.
204
What is the greatest common factor of 11564 and 14?
14
What is the highest common factor of 23 and 2806?
23
Calculate the greatest common divisor of 46 and 874.
46
What is the greatest common divisor of 1144 and 176?
88
Calculate the highest common divisor of 205 and 41.
41
What is the greatest common factor of 10330 and 20?
10
What is the greatest common divisor of 120 and 48?
24
What is the greatest common divisor of 969 and 19?
19
Calculate the greatest common factor of 3198 and 1053.
39
What is the highest common divisor of 92 and 276?
92
Calculate the highest common divisor of 286 and 1118.
26
Calculate the highest common divisor of 300 and 3700.
100
Calculate the highest common factor of 8268 and 468.
156
Calculate the highest common factor of 9185 and 110.
55
Calculate the highest common divisor of 62 and 12.
2
What is the highest common divisor of 6 and 600?
6
What is the highest common factor of 21 and 21?
21
Calculate the greatest common factor of 1904 and 512.
16
What is the highest common factor of 270 and 54?
54
What is the greatest common divisor of 105 and 707?
7
What is the highest common factor of 64 and 5056?
64
Calculate the highest common factor of 3515 and 285.
95
What is the highest common divisor of 1038 and 6?
6
Calculate the highest common divisor of 36 and 3.
3
What is the highest common factor of 26 and 198?
2
What is the highest common factor of 73 and 21097?
73
Calculate the highest common divisor of 552 and 1200.
24
Calculate the greatest common factor of 10 and 290.
10
Ca